{"id":7523,"date":"2025-09-17T15:05:19","date_gmt":"2025-09-17T15:05:19","guid":{"rendered":"https:\/\/example.com\/?p=dc0df9c0"},"modified":"2025-10-07T10:37:46","modified_gmt":"2025-10-07T10:37:46","slug":"a-propos","status":"publish","type":"page","link":"https:\/\/www.monsieursauciflard.com\/index.php\/a-propos\/","title":{"rendered":"A propos"},"content":{"rendered":"\n<p>Notre histoire, notre exigence, nos partenaires.<\/p>\n\n\n\n<p>\ud83c\udf77\ud83e\udd56 <strong>Bienvenue chez Monsieur Sauciflard !<\/strong><\/p>\n\n\n\n<p>Ici, on a une mission simple : remettre le <strong>vrai saucisson fran\u00e7ais<\/strong> au centre de vos ap\u00e9ros.<\/p>\n\n\n\n<p>Derri\u00e8re Monsieur Sauciflard, c\u2019est une nouvelle aventure e-commerce n\u00e9e de l\u2019amour du terroir et de la convivialit\u00e9. Nos saucissons, fuets et terrines sont \u00e9labor\u00e9s en Auvergne avec un savoir-faire artisanal transmis depuis des g\u00e9n\u00e9rations.<\/p>\n\n\n\n<p>Notre cr\u00e9do ? De l\u2019authenticit\u00e9, de la gourmandise et un brin d\u2019humour, parce qu\u2019un ap\u00e9ro sans rire, ce n\u2019est pas vraiment un ap\u00e9ro.<\/p>\n\n\n\n<p>Que vous soyez <strong>chasseur de saveurs traditionnelles<\/strong> ou amateur de recettes originales (noix, figues, fromages, gibier\u2026), vous trouverez toujours de quoi surprendre vos convives.<\/p>\n\n\n\n<p>\ud83d\udce6 Livraison express partout en France en 24\/48h (Colissimo, Mondial Relay).<\/p>\n\n\n\n<p>\ud83d\uded2 Disponible en packs d\u00e9couverte, coffrets cadeaux et bient\u00f4t sur Amazon pour encore plus de facilit\u00e9.<\/p>\n\n\n\n<p>\ud83c\udfaa Et si vous aimez le contact direct, retrouvez-nous aussi sur les march\u00e9s, l\u00e0 o\u00f9 tout a commenc\u00e9 : au plus pr\u00e8s des gens, avec le sourire et une tranche \u00e0 partager.<\/p>\n\n\n\n<p>\ud83d\udc49 Chez Monsieur Sauciflard, on vous promet un seul risque : que vos ap\u00e9ros deviennent l\u00e9gendaires.<\/p>\n\n\n\n<p><\/p>\n","protected":false},"excerpt":{"rendered":"<p>Notre histoire, notre exigence, nos partenaires. \ud83c\udf77\ud83e\udd56 Bienvenue chez Monsieur Sauciflard ! Ici, on a une mission simple : remettre le vrai saucisson fran\u00e7ais au centre de vos ap\u00e9ros. Derri\u00e8re Monsieur Sauciflard, c\u2019est une nouvelle aventure e-commerce n\u00e9e de l\u2019amour du terroir et de la convivialit\u00e9. Nos saucissons, fuets et terrines sont \u00e9labor\u00e9s en Auvergne [&hellip;]<\/p>\n","protected":false},"author":1,"featured_media":0,"parent":0,"menu_order":0,"comment_status":"closed","ping_status":"closed","template":"","meta":{"footnotes":""},"class_list":["post-7523","page","type-page","status-publish","hentry"],"jetpack_sharing_enabled":true,"_links":{"self":[{"href":"https:\/\/www.monsieursauciflard.com\/index.php\/wp-json\/wp\/v2\/pages\/7523","targetHints":{"allow":["GET"]}}],"collection":[{"href":"https:\/\/www.monsieursauciflard.com\/index.php\/wp-json\/wp\/v2\/pages"}],"about":[{"href":"https:\/\/www.monsieursauciflard.com\/index.php\/wp-json\/wp\/v2\/types\/page"}],"author":[{"embeddable":true,"href":"https:\/\/www.monsieursauciflard.com\/index.php\/wp-json\/wp\/v2\/users\/1"}],"replies":[{"embeddable":true,"href":"https:\/\/www.monsieursauciflard.com\/index.php\/wp-json\/wp\/v2\/comments?post=7523"}],"version-history":[{"count":3,"href":"https:\/\/www.monsieursauciflard.com\/index.php\/wp-json\/wp\/v2\/pages\/7523\/revisions"}],"predecessor-version":[{"id":7766,"href":"https:\/\/www.monsieursauciflard.com\/index.php\/wp-json\/wp\/v2\/pages\/7523\/revisions\/7766"}],"wp:attachment":[{"href":"https:\/\/www.monsieursauciflard.com\/index.php\/wp-json\/wp\/v2\/media?parent=7523"}],"curies":[{"name":"wp","href":"https:\/\/api.w.org\/{rel}","templated":true}]}}